{"id":322,"date":"2020-04-13T19:51:08","date_gmt":"2020-04-13T16:51:08","guid":{"rendered":"https:\/\/claro.fi\/en\/?page_id=322"},"modified":"2020-05-23T22:10:31","modified_gmt":"2020-05-23T19:10:31","slug":"maija-eklof","status":"publish","type":"page","link":"https:\/\/claro.fi\/en\/claro\/our-people\/maija-eklof\/","title":{"rendered":"Maija Ekl\u00f6f"},"content":{"rendered":"\n<div class=\"wp-block-group\"><div class=\"wp-block-group__inner-container is-layout-flow wp-block-group-is-layout-flow\">\n<h3 class=\"has-text-color wp-block-heading\" style=\"color:#0b186b\">Maija Ekl\u00f6f<\/h3>\n\n\n\n<p><em><em>Senior&nbsp; Consultant, Certified Business Coach and Mentor, Narrative Big Five Certified Professional<\/em><\/em><\/p>\n\n\n\n<p><em><em>&#8220;<em>Maija is a visionary leader of change who has long, vast and deep knowledge and experience of leading big and multicultural organizations.Maija is appreciated by customers of her strong presence, deep&nbsp; listening and ability to visualize the big picture quickly.<\/em>&#8220;<\/em><\/em><\/p>\n\n\n\n<h4 class=\"has-text-color wp-block-heading\" style=\"color:#4e6c86\">Clarity of experience<\/h4>\n\n\n\n<ul class=\"wp-block-list\"><li>Maija has solid experience of leading multicultural operative organisations in three different&nbsp; airlines, Finnair, Etihad Airways and Norra. She also has experience from being Managing Director in an education company.&nbsp;<\/li><li>She has rich network both in Finland and abroad.&nbsp;<\/li><li>Maijas education is Ms, Sc., eMBA and certified coach and mentor. She also has Narrative Big Five Certificate.<\/li><\/ul>\n\n\n\n<h4 class=\"has-text-color wp-block-heading\" style=\"color:#4e6c86\">Clarity of expertise<\/h4>\n\n\n\n<ul class=\"wp-block-list\"><li>Managing change from vision to implementation, competence and performance management.<\/li><li>Aviation, Airlines, operations.<\/li><li>Education<\/li><\/ul>\n\n\n\n<h4 class=\"has-text-color wp-block-heading\" style=\"color:#4e6c86\">Clarity of leisure time<\/h4>\n\n\n\n<ul class=\"wp-block-list\"><li>Maija\u2019s leisure time is full of&nbsp; literature and versatile exercise, such as yoga, gym, salsa dancing and downhill skiing.<\/li><\/ul>\n<\/div><\/div>\n","protected":false},"excerpt":{"rendered":"<p>Maija Ekl\u00f6f Senior&nbsp; Consultant, Certified Business Coach and Mentor, Narrative Big Five Certified Professional &#8220;Maija is a visionary leader of change who has long, vast and deep knowledge and experience of leading big and multicultural organizations.Maija is appreciated by customers of her strong presence, deep&nbsp; listening and ability to visualize the big picture quickly.&#8220; Clarity [&hellip;]<\/p>\n","protected":false},"author":1,"featured_media":0,"parent":195,"menu_order":0,"comment_status":"closed","ping_status":"closed","template":"keskitetty-sisalto-sivupohja.php","meta":{"_acf_changed":false,"_uag_custom_page_level_css":"","footnotes":""},"class_list":["post-322","page","type-page","status-publish","hentry"],"acf":[],"yoast_head":"<!-- This site is optimized with the Yoast SEO plugin v27.4 - https:\/\/yoast.com\/product\/yoast-seo-wordpress\/ -->\n<title>Maija Ekl\u00f6f - Claro Leaders Oy - EN<\/title>\n<meta name=\"robots\" content=\"index, follow, max-snippet:-1, max-image-preview:large, max-video-preview:-1\" \/>\n<link rel=\"canonical\" href=\"https:\/\/claro.fi\/en\/claro\/our-people\/maija-eklof\/\" \/>\n<meta property=\"og:locale\" content=\"en_US\" \/>\n<meta property=\"og:type\" content=\"article\" \/>\n<meta property=\"og:title\" content=\"Maija Ekl\u00f6f - Claro Leaders Oy - EN\" \/>\n<meta property=\"og:description\" content=\"Maija Ekl\u00f6f Senior&nbsp; Consultant, Certified Business Coach and Mentor, Narrative Big Five Certified Professional &#8220;Maija is a visionary leader of change who has long, vast and deep knowledge and experience of leading big and multicultural organizations.Maija is appreciated by customers of her strong presence, deep&nbsp; listening and ability to visualize the big picture quickly.&#8220; Clarity [&hellip;]\" \/>\n<meta property=\"og:url\" content=\"https:\/\/claro.fi\/en\/claro\/our-people\/maija-eklof\/\" \/>\n<meta property=\"og:site_name\" content=\"Claro Leaders Oy - EN\" \/>\n<meta property=\"article:modified_time\" content=\"2020-05-23T19:10:31+00:00\" \/>\n<meta property=\"og:image\" content=\"https:\/\/claro.fi\/en\/wp-content\/uploads\/sites\/3\/2020\/05\/claro-somejakokuva.png\" \/>\n\t<meta property=\"og:image:width\" content=\"1200\" \/>\n\t<meta property=\"og:image:height\" content=\"630\" \/>\n\t<meta property=\"og:image:type\" content=\"image\/png\" \/>\n<meta name=\"twitter:card\" content=\"summary_large_image\" \/>\n<meta name=\"twitter:label1\" content=\"Est. reading time\" \/>\n\t<meta name=\"twitter:data1\" content=\"1 minute\" \/>\n<script type=\"application\/ld+json\" class=\"yoast-schema-graph\">{\"@context\":\"https:\\\/\\\/schema.org\",\"@graph\":[{\"@type\":\"WebPage\",\"@id\":\"https:\\\/\\\/claro.fi\\\/en\\\/claro\\\/our-people\\\/maija-eklof\\\/\",\"url\":\"https:\\\/\\\/claro.fi\\\/en\\\/claro\\\/our-people\\\/maija-eklof\\\/\",\"name\":\"Maija Ekl\u00f6f - Claro Leaders Oy - EN\",\"isPartOf\":{\"@id\":\"\\\/#website\"},\"datePublished\":\"2020-04-13T16:51:08+00:00\",\"dateModified\":\"2020-05-23T19:10:31+00:00\",\"breadcrumb\":{\"@id\":\"https:\\\/\\\/claro.fi\\\/en\\\/claro\\\/our-people\\\/maija-eklof\\\/#breadcrumb\"},\"inLanguage\":\"en-US\",\"potentialAction\":[{\"@type\":\"ReadAction\",\"target\":[\"https:\\\/\\\/claro.fi\\\/en\\\/claro\\\/our-people\\\/maija-eklof\\\/\"]}]},{\"@type\":\"BreadcrumbList\",\"@id\":\"https:\\\/\\\/claro.fi\\\/en\\\/claro\\\/our-people\\\/maija-eklof\\\/#breadcrumb\",\"itemListElement\":[{\"@type\":\"ListItem\",\"position\":1,\"name\":\"Home\",\"item\":\"https:\\\/\\\/claro.fi\\\/en\\\/\"},{\"@type\":\"ListItem\",\"position\":2,\"name\":\"Claro\",\"item\":\"https:\\\/\\\/claro.fi\\\/en\\\/claro\\\/\"},{\"@type\":\"ListItem\",\"position\":3,\"name\":\"OUR PEOPLE\",\"item\":\"https:\\\/\\\/claro.fi\\\/en\\\/claro\\\/our-people\\\/\"},{\"@type\":\"ListItem\",\"position\":4,\"name\":\"Maija Ekl\u00f6f\"}]},{\"@type\":\"WebSite\",\"@id\":\"\\\/#website\",\"url\":\"\\\/\",\"name\":\"Claro Leaders Oy - EN\",\"description\":\"Claro Leaders Oy on erikoistunut hallitus- ja johtoryhm\u00e4ty\u00f6n mittaamiseen ja kehitt\u00e4miseen\",\"potentialAction\":[{\"@type\":\"SearchAction\",\"target\":{\"@type\":\"EntryPoint\",\"urlTemplate\":\"\\\/?s={search_term_string}\"},\"query-input\":{\"@type\":\"PropertyValueSpecification\",\"valueRequired\":true,\"valueName\":\"search_term_string\"}}],\"inLanguage\":\"en-US\"}]}<\/script>\n<!-- \/ Yoast SEO plugin. -->","yoast_head_json":{"title":"Maija Ekl\u00f6f - Claro Leaders Oy - EN","robots":{"index":"index","follow":"follow","max-snippet":"max-snippet:-1","max-image-preview":"max-image-preview:large","max-video-preview":"max-video-preview:-1"},"canonical":"https:\/\/claro.fi\/en\/claro\/our-people\/maija-eklof\/","og_locale":"en_US","og_type":"article","og_title":"Maija Ekl\u00f6f - Claro Leaders Oy - EN","og_description":"Maija Ekl\u00f6f Senior&nbsp; Consultant, Certified Business Coach and Mentor, Narrative Big Five Certified Professional &#8220;Maija is a visionary leader of change who has long, vast and deep knowledge and experience of leading big and multicultural organizations.Maija is appreciated by customers of her strong presence, deep&nbsp; listening and ability to visualize the big picture quickly.&#8220; Clarity [&hellip;]","og_url":"https:\/\/claro.fi\/en\/claro\/our-people\/maija-eklof\/","og_site_name":"Claro Leaders Oy - EN","article_modified_time":"2020-05-23T19:10:31+00:00","og_image":[{"width":1200,"height":630,"url":"https:\/\/claro.fi\/en\/wp-content\/uploads\/sites\/3\/2020\/05\/claro-somejakokuva.png","type":"image\/png"}],"twitter_card":"summary_large_image","twitter_misc":{"Est. reading time":"1 minute"},"schema":{"@context":"https:\/\/schema.org","@graph":[{"@type":"WebPage","@id":"https:\/\/claro.fi\/en\/claro\/our-people\/maija-eklof\/","url":"https:\/\/claro.fi\/en\/claro\/our-people\/maija-eklof\/","name":"Maija Ekl\u00f6f - Claro Leaders Oy - EN","isPartOf":{"@id":"\/#website"},"datePublished":"2020-04-13T16:51:08+00:00","dateModified":"2020-05-23T19:10:31+00:00","breadcrumb":{"@id":"https:\/\/claro.fi\/en\/claro\/our-people\/maija-eklof\/#breadcrumb"},"inLanguage":"en-US","potentialAction":[{"@type":"ReadAction","target":["https:\/\/claro.fi\/en\/claro\/our-people\/maija-eklof\/"]}]},{"@type":"BreadcrumbList","@id":"https:\/\/claro.fi\/en\/claro\/our-people\/maija-eklof\/#breadcrumb","itemListElement":[{"@type":"ListItem","position":1,"name":"Home","item":"https:\/\/claro.fi\/en\/"},{"@type":"ListItem","position":2,"name":"Claro","item":"https:\/\/claro.fi\/en\/claro\/"},{"@type":"ListItem","position":3,"name":"OUR PEOPLE","item":"https:\/\/claro.fi\/en\/claro\/our-people\/"},{"@type":"ListItem","position":4,"name":"Maija Ekl\u00f6f"}]},{"@type":"WebSite","@id":"\/#website","url":"\/","name":"Claro Leaders Oy - EN","description":"Claro Leaders Oy on erikoistunut hallitus- ja johtoryhm\u00e4ty\u00f6n mittaamiseen ja kehitt\u00e4miseen","potentialAction":[{"@type":"SearchAction","target":{"@type":"EntryPoint","urlTemplate":"\/?s={search_term_string}"},"query-input":{"@type":"PropertyValueSpecification","valueRequired":true,"valueName":"search_term_string"}}],"inLanguage":"en-US"}]}},"uagb_featured_image_src":{"full":false,"thumbnail":false,"medium":false,"medium_large":false,"large":false,"1536x1536":false,"2048x2048":false},"uagb_author_info":{"display_name":"admin","author_link":"https:\/\/claro.fi\/en\/news-and-blog\/author\/admin\/"},"uagb_comment_info":0,"uagb_excerpt":"Maija Ekl\u00f6f Senior&nbsp; Consultant, Certified Business Coach and Mentor, Narrative Big Five Certified Professional &#8220;Maija is a visionary leader of change who has long, vast and deep knowledge and experience of leading big and multicultural organizations.Maija is appreciated by customers of her strong presence, deep&nbsp; listening and ability to visualize the big picture quickly.&#8220; Clarity&hellip;","_links":{"self":[{"href":"https:\/\/claro.fi\/en\/wp-json\/wp\/v2\/pages\/322","targetHints":{"allow":["GET"]}}],"collection":[{"href":"https:\/\/claro.fi\/en\/wp-json\/wp\/v2\/pages"}],"about":[{"href":"https:\/\/claro.fi\/en\/wp-json\/wp\/v2\/types\/page"}],"author":[{"embeddable":true,"href":"https:\/\/claro.fi\/en\/wp-json\/wp\/v2\/users\/1"}],"replies":[{"embeddable":true,"href":"https:\/\/claro.fi\/en\/wp-json\/wp\/v2\/comments?post=322"}],"version-history":[{"count":9,"href":"https:\/\/claro.fi\/en\/wp-json\/wp\/v2\/pages\/322\/revisions"}],"predecessor-version":[{"id":1647,"href":"https:\/\/claro.fi\/en\/wp-json\/wp\/v2\/pages\/322\/revisions\/1647"}],"up":[{"embeddable":true,"href":"https:\/\/claro.fi\/en\/wp-json\/wp\/v2\/pages\/195"}],"wp:attachment":[{"href":"https:\/\/claro.fi\/en\/wp-json\/wp\/v2\/media?parent=322"}],"curies":[{"name":"wp","href":"https:\/\/api.w.org\/{rel}","templated":true}]}}

Maija Eklöf

<div class="wp-block-group"><div class="wp-block-group__inner-container is-layout-flow wp-block-group-is-layout-flow">
<h3 class="has-text-color wp-block-heading" style="color:#0b186b">Maija Eklöf</h3>



<p><em><em>Senior&nbsp; Consultant, Certified Business Coach and Mentor, Narrative Big Five Certified Professional</em></em></p>



<p><em><em>&#8220;<em>Maija is a visionary leader of change who has long, vast and deep knowledge and experience of leading big and multicultural organizations.Maija is appreciated by customers of her strong presence, deep&nbsp; listening and ability to visualize the big picture quickly.</em>&#8220;</em></em></p>



<h4 class="has-text-color wp-block-heading" style="color:#4e6c86">Clarity of experience</h4>



<ul class="wp-block-list"><li>Maija has solid experience of leading multicultural operative organisations in three different&nbsp; airlines, Finnair, Etihad Airways and Norra. She also has experience from being Managing Director in an education company.&nbsp;</li><li>She has rich network both in Finland and abroad.&nbsp;</li><li>Maijas education is Ms, Sc., eMBA and certified coach and mentor. She also has Narrative Big Five Certificate.</li></ul>



<h4 class="has-text-color wp-block-heading" style="color:#4e6c86">Clarity of expertise</h4>



<ul class="wp-block-list"><li>Managing change from vision to implementation, competence and performance management.</li><li>Aviation, Airlines, operations.</li><li>Education</li></ul>



<h4 class="has-text-color wp-block-heading" style="color:#4e6c86">Clarity of leisure time</h4>



<ul class="wp-block-list"><li>Maija’s leisure time is full of&nbsp; literature and versatile exercise, such as yoga, gym, salsa dancing and downhill skiing.</li></ul>
</div></div>

<p>Maija Eklöf Senior&nbsp; Consultant, Certified Business Coach and Mentor, Narrative Big Five Certified Professional &#8220;Maija is a visionary leader of change who has long, vast and deep knowledge and experience of leading big and multicultural organizations.Maija is appreciated by customers of her strong presence, deep&nbsp; listening and ability to visualize the big picture quickly.&#8220; Clarity [&hellip;]</p>

<!-- This site is optimized with the Yoast SEO plugin v27.4 - https://yoast.com/product/yoast-seo-wordpress/ -->
<title>Maija Eklöf - Claro Leaders Oy - EN</title>
<meta name="robots" content="index, follow, max-snippet:-1, max-image-preview:large, max-video-preview:-1" />
<link rel="canonical" href="https://claro.fi/en/claro/our-people/maija-eklof/" />
<meta property="og:locale" content="en_US" />
<meta property="og:type" content="article" />
<meta property="og:title" content="Maija Eklöf - Claro Leaders Oy - EN" />
<meta property="og:description" content="Maija Eklöf Senior&nbsp; Consultant, Certified Business Coach and Mentor, Narrative Big Five Certified Professional &#8220;Maija is a visionary leader of change who has long, vast and deep knowledge and experience of leading big and multicultural organizations.Maija is appreciated by customers of her strong presence, deep&nbsp; listening and ability to visualize the big picture quickly.&#8220; Clarity [&hellip;]" />
<meta property="og:url" content="https://claro.fi/en/claro/our-people/maija-eklof/" />
<meta property="og:site_name" content="Claro Leaders Oy - EN" />
<meta property="article:modified_time" content="2020-05-23T19:10:31+00:00" />
<meta property="og:image" content="https://claro.fi/en/wp-content/uploads/sites/3/2020/05/claro-somejakokuva.png" />
	<meta property="og:image:width" content="1200" />
	<meta property="og:image:height" content="630" />
	<meta property="og:image:type" content="image/png" />
<meta name="twitter:card" content="summary_large_image" />
<meta name="twitter:label1" content="Est. reading time" />
	<meta name="twitter:data1" content="1 minute" />
<script type="application/ld+json" class="yoast-schema-graph">{"@context":"https:\/\/schema.org","@graph":[{"@type":"WebPage","@id":"https:\/\/claro.fi\/en\/claro\/our-people\/maija-eklof\/","url":"https:\/\/claro.fi\/en\/claro\/our-people\/maija-eklof\/","name":"Maija Eklöf - Claro Leaders Oy - EN","isPartOf":{"@id":"\/#website"},"datePublished":"2020-04-13T16:51:08+00:00","dateModified":"2020-05-23T19:10:31+00:00","breadcrumb":{"@id":"https:\/\/claro.fi\/en\/claro\/our-people\/maija-eklof\/#breadcrumb"},"inLanguage":"en-US","potentialAction":[{"@type":"ReadAction","target":["https:\/\/claro.fi\/en\/claro\/our-people\/maija-eklof\/"]}]},{"@type":"BreadcrumbList","@id":"https:\/\/claro.fi\/en\/claro\/our-people\/maija-eklof\/#breadcrumb","itemListElement":[{"@type":"ListItem","position":1,"name":"Home","item":"https:\/\/claro.fi\/en\/"},{"@type":"ListItem","position":2,"name":"Claro","item":"https:\/\/claro.fi\/en\/claro\/"},{"@type":"ListItem","position":3,"name":"OUR PEOPLE","item":"https:\/\/claro.fi\/en\/claro\/our-people\/"},{"@type":"ListItem","position":4,"name":"Maija Eklöf"}]},{"@type":"WebSite","@id":"\/#website","url":"\/","name":"Claro Leaders Oy - EN","description":"Claro Leaders Oy on erikoistunut hallitus- ja johtoryhmätyön mittaamiseen ja kehittämiseen","potentialAction":[{"@type":"SearchAction","target":{"@type":"EntryPoint","urlTemplate":"\/?s={search_term_string}"},"query-input":{"@type":"PropertyValueSpecification","valueRequired":true,"valueName":"search_term_string"}}],"inLanguage":"en-US"}]}</script>
<!-- / Yoast SEO plugin. -->

Maija Eklöf - Claro Leaders Oy - EN

Maija Eklöf Senior&nbsp; Consultant, Certified Business Coach and Mentor, Narrative Big Five Certified Professional &#8220;Maija is a visionary leader of change who has long, vast and deep knowledge and experience of leading big and multicultural organizations.Maija is appreciated by customers of her strong presence, deep&nbsp; listening and ability to visualize the big picture quickly.&#8220; Clarity [&hellip;]

Claro Leaders Oy on erikoistunut hallitus- ja johtoryhmätyön mittaamiseen ja kehittämiseen

Maija Eklöf Senior&nbsp; Consultant, Certified Business Coach and Mentor, Narrative Big Five Certified Professional &#8220;Maija is a visionary leader of change who has long, vast and deep knowledge and experience of leading big and multicultural organizations.Maija is appreciated by customers of her strong presence, deep&nbsp; listening and ability to visualize the big picture quickly.&#8220; Clarity&hellip;
